*a - 4. Let x be (-63)/(-13) + (-6)/(-39). Suppose -o = -3*d + o - x, o = -3*d - 20. Give n(d).
6
Let a = 17 + -13. Let x(k) = -k**2 + 3*k + 1. Determine x(a).
-3
Let r(z) = -z**2 - 2*z - 4. Suppose -2*u - 5*o + 2*o - 7 = 0, 2*u + 11 = o. Calculate r(u).
-19
Let b(q) = 2*q**2 - 3. Let g be 2/(-4)*32/1. Let f(p) = 9*p**2 + 3*p**2 - 2*p**2 - 20 + 4. Let w(x) = g*b(x) + 3*f(x). What is w(1)?
-2
Let n(c) = -c**3 + 3*c**2. Suppose 6 + 15 = 7*i. Give n(i).
0
Let h(u) be the third derivative of u**4/8 + 7*u**3/6 - 63*u**2. Determine h(-6).
-11
Let c(q) = q**2 - 6*q - 4. Let j(v) = -2*v**3 - 19*v**2 + 12*v + 26. Let f be j(-10). Calculate c(f).
-4
Let m(r) = -2*r - 2. Let d be 2/(-10) + (-172)/(-10). Let y be d/3 - (-2)/(-3). Suppose 3*f = -4*j + 11 + 7, 5*f + y = 5*j. Give m(f).
-6
Let n(o) be the third derivative of o**4/12 - o**3/6 + 15*o**2. What is n(-3)?
-7
Suppose -i + 3 = -1. Let g(y) = 5*y - 4*y**3 - y + 1 - 2 + 3*y**3 + i*y**2. What is g(5)?
-6
Suppose -2*c - 2*j - 4 = 2, 4*c + j = 0. Let m(w) = -3*w**3 + 2*w**2 - 2*w + 1. What is m(c)?
-2
Let j(y) be the second derivative of y**3/6 + 9*y**2/2 + 31*y. Calculate j(0).
9
Let x(v) be the first derivative of v**3/3 + 7*v**2/2 - 6*v - 3. Let b(r) = -6*r + 5. Let d(p) = -3*b(p) - 2*x(p). Calculate d(2).
-3
Let y(a) = -a**2 + 6*a + 2. Suppose 24 - 120 = 4*p. Let w = p + 28. Determine y(w).
10
Let h(g) = -g + 2. Suppose -2*y - 4*d = -16, -5*y + 3*d + 7 = 2*d. Determine h(y).
0
Let y be (34/3)/((-10)/(-30)). Let q(h) = -2*h - y + 34 + 10*h. Give q(1).
8
Let i(o) = o - 6. Let a be i(5). Let v(u) = u**3 + 7*u**2 - 8*u + 2. Let h be v(-8). Let y(k) = h - 7*k**2 + k - 1 + 0. Calculate y(a).
-7
Suppose 2*k - 24 = -0*k. Let g be 4/(-6) - (-80)/k. Let v(t) = t - 5. Calculate v(g).
1
Let u(m) = -7*m**3 + m. Let g be 2/4 + 1/2. What is u(g)?
-6
Suppose -5*u = -h - 15 - 1, u = 4*h - 12. Suppose 1 + h = -s. Let t(i) = -i**2 - 5*i - 2. What is t(s)?
-2
Let k(j) = -4*j + j + j + j. Let a be ((-1 + 2)*1)/(4/8). What is k(a)?
-2
Let a(v) be the second derivative of v**4/12 + 5*v**3/3 + 5*v**2/2 + 32*v. Give a(-9).
-4
Let b(c) = -c**2 - 3 - 2 - c**3 + 2. Suppose -4*o = 4*t - 7 - 9, 12 = 5*t + 3*o. Give b(t).
-3
Let v(z) = -3*z + 1. Let p be v(1). Let r(k) = 4*k**2 + 0*k**2 - 3*k + k - 2 + 2*k**3 - 2*k**2. What is r(p)?
-6
Let o be 7 - (6 + (-3 - 0)). Let t(v) = -1 + v**3 + 0*v**3 + o - v - 3*v + 4*v**2. Let a(b) = -b**3 - 5*b**2 - 4*b + 1. Let u be a(-3). Determine t(u).
-2
Let a(o) = -17*o + 105. Let s be a(6). Let m(j) = 3 + j**2 + 2*j + 0*j - 2*j**2. Determine m(s).
0
Let f(c) be the second derivative of 0 + 1/6*c**3 + 0*c**2 + 1/4*c**4 + 2*c. Let q(m) = m**3 - m**2 + 2*m - 1. Let s be q(1). Give f(s).
4
Let r be (-5)/(-20) - 11/(-4). Suppose -7 = -2*o + r. Let q(s) = s**2 - 3*s - 3. Calculate q(o).
7
Let w be 3 - 0 - (-19 - -22). Let s(z) = -z**3 + z**2 + z - 9. Determine s(w).
-9
Let a be -3*-1*(-8)/(-12). Let j(f) = -5*f**2 + 2*f. Calculate j(a).
-16
Suppose 0*r - 2*r - 3*z - 25 = 0, 5*r = 2*z - 15. Let l = 2 - -1. Let j(i) = -i**3 + 0*i**l - 4*i - 4 - i - 6*i**2. Determine j(r).
-4
Let g be (-66)/(-14) + (-2)/(-7). Suppose 0*b - 4*n = g*b + 20, 4*b = -3*n - 16. Let x(s) = s**3 + 4*s**2 - 4. What is x(b)?
-4
Let f = -9 - -9. Let d be 0*((-3)/(-6) + f). Let l(p) = d*p**2 - 4*p + 0*p - p**3 + 5*p**2 - 3 + 0*p. Determine l(4).
-3
Let g(q) = -6*q**2 + 7 + 8 + 2*q - q**3 - 7. Calculate g(-6).
-4
Suppose 3*m = 2*v - 2*m, 0 = 5*v - m - 23. Let r(u) = -u**2 + u + 6. Determine r(v).
-14
Let d(u) = -u**3 + 4*u**2 + 4*u + 4. Let l = 47 - 42. Calculate d(l).
-1
Let p(x) be the first derivative of x**5/120 - x**3/3 - 1. Let q(h) be the third derivative of p(h). Suppose 16 = -3*z - z. Determine q(z).
-4
Suppose 0 = -3*n - 5*n + 16. Let t(c) = -2*c + c - n + 2*c. Suppose -5*y + 4 = -2*z - 1, -5 = -5*y - 5*z. What is t(y)?
-1
Let d(b) be the first derivative of b**4/4 + b**3/3 + b**2/2 + 4*b - 12. What is d(0)?
4
Let d(q) = 3*q**3 + 4*q**2 - 4*q**3 + 5 - 2*q**3 + 2*q**3 + 5*q. Let f = 6 + -1. Determine d(f).
5
Let j(y) = -8*y**3 + y + 5. Let n(t) = -7*t**3 - t**2 + 2*t + 4. Let l(i) = 6*j(i) - 7*n(i). Let r be l(-8). Let o(b) = -b**2 + 5*b - 2. Determine o(r).
4
Let p = -10 - -12. Let v(j) = -2 + 2 + 6 + j**p + 7*j. Give v(-4).
-6
Let u(d) = -d**3 + 7*d**2 - 5*d - 1. Let q be u(6). Suppose -q*p = -0*p. Let g(s) = -s - 6. Determine g(p).
-6
Let l(a) be the third derivative of -a**6/120 - a**5/20 + a**4/8 - 5*a**3/6 + 6*a**2. Determine l(-4).
-1
Let p be (3 - -39)/((-6)/(-3)). Suppose 0 = -i + 5 - 3. Suppose 2*w = -i*w + 5*k + p, -20 = 5*w + 3*k. Let s(z) = -8*z + 1. Determine s(w).
9
Let i(x) = 2*x**3 + 6*x**2 - 11*x - 11. Let d(c) = 3*c**3 + 9*c**2 - 16*c - 16. Let z(k) = -5*d(k) + 7*i(k). Let q = 9 - 13. Determine z(q).
7
Let r = 5 + -2. Suppose -5 = 2*y + r*y. Let k(t) be the third derivative of -2*t**5/15 - t**4/12 - t**3/6 + t**2. Give k(y).
-7
Let m(f) = f**3 - 5*f**2 + 5*f + 4. Let p be (-6)/2 + 234/(-9). Let i = p - -33. Give m(i).
8
Let x(s) = 1 - 5 + 5*s**2 - 1 - 4*s. Let j(m) = 9*m**2 - 7*m - 9. Let v(q) = -6*j(q) + 11*x(q). Determine v(2).
-1
Let q(f) = -f**3 + f - 5. Let a = -134 - -134. What is q(a)?
-5
Let r be (-7)/1 + (-2 - -3). Let g(n) = n - 11. Let j(q) = q - 12. Let x(s) = -4*g(s) + 3*j(s). Give x(r).
14
Let v(d) = -5*d**2 + 3*d. Let y(i) = -5*i**2 + 4*i. Suppose -4 = n - 2*j + 5, -2*n - 4 = 3*j. Let m(g) = n*v(g) + 4*y(g). What is m(-1)?
4
Let k(t) = -3*t + 6. Let b(s) = 2*s - 5. Let x(u) = -5*b(u) - 4*k(u). Let v = -8 + 5. Calculate x(v).
-5
Suppose 6 = -5*i + 41. Let l = i - 6. Let p(d) = -4*d + 0*d + 4*d + 4*d - 1. Determine p(l).
3
Let h(j) = -j**2 - 7*j + 10. Let u(v) = v**2 - 12*v + 19. Let a(z) = 2*z**2 + 5*z + 6. Let n be a(-3). Let f be u(n). Calculate h(f).
2
Let o(y) = 0 + 0*y**2 - 4 - y**2 + 3 + 2*y**3 + 2*y. Calculate o(1).
2
Let q(f) = f**3 + f. Let s(c) be the first derivative of 5*c**4/4 - 2*c**3/3 + 7*c**2/2 + 4*c + 4. Let l(t) = -6*q(t) + s(t). Calculate l(-3).
10
Let s = -2 - -9. Suppose 3*x - s + 4 = 0. Let b(d) = -6*d**3 - d**2 + d - 1. What is b(x)?
-7
Let a(m) be the second derivative of -m**4/4 - 3*m. Let u = 8 + -5. Suppose -1 = u*q - 4. Determine a(q).
-3
Let x(f) = f + 3. Let h(l) = 1. Suppose 4*o + 16 = -0*o. Let y(k) = o*x(k) + 14*h(k). What is y(2)?
-6
Let d(o) = -o + 2. Let m(y) = -y**3 - 11*y**2 - 10*y + 4. Let r be m(-10). Give d(r).
-2
Let w(p) = -p**2 - 8*p + 7. Let s(r) = -r**2 - 7*r + 9. Let d be s(2). What is w(d)?
-2
Let u(f) be the third derivative of f**4/4 + 2*f**3/3 - 3*f**2. Let n(g) = -7*g - 5. Let s(r) = -5*n(r) - 6*u(r). What is s(4)?
-3
Let k(v) be the third derivative of -v**5/60 - 13*v**4/24 - 11*v**3/6 + 44*v**2 - 1. Give k(-12).
1
Let d = 0 + 3. Let u be -2*(1 - (d + -1)). Suppose -3 = u*v + 1. Let l(z) = -2*z**2 - z. Calculate l(v).
-6
Let p(f) = f + 4. Let q = -20 - -20. Let v be q/((-20)/(-4) - 4). Calculate p(v).
4
Let v(d) = -d - 4. Let y(o) = -2*o - 7. Let x(q) = 7*v(q) - 4*y(q). Let m = -8 - -4. Give x(m).
-4
Suppose 1 - 19 = -3*o. Let l be (3*o/(-9))/1. Let p(k) = 0*k - 3 + 1 + 5*k. Calculate p(l).
-12
Suppose -10 = -4*u + 2. Let i(q) = q**3 + u - 3*q**2 + 2*q + 3 + 5*q**2 - 3. Let h(c) = -c + 1. Let r be h(3). What is i(r)?
-1
Let q be -4 - 115/(-30) - (-23)/(-6). Let f(d) = -3*d - 5. Give f(q).
7
Let o(x) = x - 8. Let n(a) = -3*a + 32. Let q be n(9). Give o(q).
-3
Let h be (6/(-4))/((-3)/6). Suppose 2*x - h + 1 = 2*l, 0 = 2*l - 2. Let s(t) = 0*t**3 - 2*t**2 - 2*t - x + 0*t + 3*t**3 - 2*t**3. Calculate s(3).
1
Suppose -6*i = -i - 40. Suppose -2*f = -4*f + i. Let x(a) = -f*a + a + 4*a - 1. Determine x(1).
0
Let b(u) = -u**3 - 2*u**2 + 6*u + 11. Let x be b(-2). Let z(h) be the first derivative of 2 + 2*h - 2*h - h**3. What is z(x)?
-3
Suppose -4*p + 2 = 3*b + 6, 3*b = -3*p - 6. Let u(j) = j - 1. Let q(n) = n. Suppose 4 = 2*z + 2*l, 5*z - 2*z - l - 6 = 0. Let i(r) = z*u(r) - q(r). Give i(p).
0
Let i = -26 + 11. Let d = -9 - i. Suppose 0 = -f + 2 - d. Let r(q) = q**3 + 5*q**2 + 6*q + 3. Calculate r(f).
-5
Suppose -10 = 4*v - 2. Let w(p) be the first derivative of -3*p**2/2 + 193. Give w(v).
6
Let j(b) = 2*b**2 - 5*b + 3. Let c(h) = -h**2 + 2 + 0 - 3 + 4*h - 1. Let y = -1 - -4. Let v(f) = y*c(f) + 2*j(f). What is v(-3)?
3
Suppose -5*x + 2*x - 12